 k be y(6). Let j = 242 - k. What is the tens digit of j?
7
Suppose -5*u = -4*d - 146957, -2*u - 26*d = -21*d - 58796. What is the ten thousands digit of u?
2
Suppose -3600 = -6*n - 10*n - 56*n. Let t(k) = 18*k. Let s be t(-1). Let z = s + n. What is the tens digit of z?
3
Let a(i) = 65*i**2 - 191*i**2 + 67*i**2 - 55 - 12*i + 62*i**2. What is the hundreds digit of a(16)?
5
Let h(q) = -742*q - 27. Let c(k) = -k**2 + 12*k + 27. Let m be c(14). What is the tens digit of h(m)?
1
Let q = -6767 + 10133. What is the thousands digit of q?
3
Suppose 2*a - 3*n = 3721, 0 = 2*n - 16 + 22. What is the thousands digit of a?
1
Suppose m - 19767 = -5*g, 3*g - 4*m + 6*m - 11856 = 0. What is the tens digit of g?
5
Suppose 5*s - 7*s - 6 = 0. Let k be -4*(s + 1225/20). Let w = -154 - k. What is the tens digit of w?
7
Let l be (-12)/6*219/(-6). Suppose 0 = -4*m + 3*s + l, -m = -7*s + 2*s - 31. Suppose 20*g = m*g + 236. What is the tens digit of g?
5
What is the ten thousands digit of ((-721)/(-84) - (-27)/36)*6843?
6
Let i = 974 - 2190. Let f = -666 - i. What is the hundreds digit of f?
5
Suppose 2*o - 28440 = -84*i + 88*i, -2*o + 28440 = -5*i. What is the ten thousands digit of o?
1
Let d = -4811 - -7744. Suppose -21*w = -14*w - d. What is the hundreds digit of w?
4
Suppose g + 0*g + d = 0, -5*g = -4*d - 36. Suppose 0 = -2*c - g, -2*c + 180 = 3*n - 5*c. What is the units digit of n?
8
Let t(k) = 84*k**2 + 8*k - 21. Let a be t(5). Suppose -7*b + 1346 = -a. What is the hundreds digit of b?
4
Suppose 3*f - 2*c = 1, -4*f + 4*c + 4 = -0*f. What is the units digit of 5/1 + f + 297 + -8?
3
Suppose 3*i + 11*l = 12*l + 304, 0 = -i + 4*l + 83. Suppose i*r = 100*r + 570. What is the tens digit of r?
9
Suppose 5*s = 1450 + 2285. Suppose 0 = 3*g - 5*x + x - 561, -4*g + s = -5*x. What is the hundreds digit of g?
1
Suppose -r - 12740 = -4*i, 6366 = 2*i - 106*r + 105*r. What is the units digit of i?
7
Suppose -2*l + 4*k + 22307 = -11225, 0 = 4*k - 4. What is the units digit of l?
8
Suppose 2*f - 2*q = 16, -5*f + 32 = -q - 0*q. Suppose 0 = -2*o - 118 - f. Let k = -16 - o. What is the units digit of k?
6
Let b(l) = 4*l**2 - 6*l - 3. Suppose -2*j + 45 = 4*d - 41, -3*j + 3*d + 129 = 0. Let y = -48 + j. What is the tens digit of b(y)?
2
What is the thousands digit of 1/(1/(-6)) - 441740/(64 + -74)?
4
Let j be 26/4 - (-3)/(-2 - 4). Suppose q - 3*v - 61 = 0, -2*q + 2*v + 116 = -j. Suppose -2*h = -q - 17. What is the units digit of h?
9
What is the tens digit of 2*25*((-472920)/(-100))/21?
6
Let k = 519 - 520. Let d(m) = -298*m + 37. What is the hundreds digit of d(k)?
3
Let s = -1316 + 686. What is the thousands digit of 44566/42 - 12/s*-5?
1
Let y = 102604 - 50773. Suppose 0 = -31*n + y + 3070. What is the thousands digit of n?
1
Suppose 108993 = 21*g - 214921 + 85669. What is the thousands digit of g?
1
Let c(u) be the second derivative of -u**5/20 - 7*u**4/6 - u**3/2 - 19*u**2/2 + 41*u. What is the hundreds digit of c(-16)?
5
Let f = 200 + -125. Suppose 3*c = -2*n + 3362, 72*n - c + 5043 = f*n. What is the tens digit of n?
8
Let a(u) = 4*u**3 + 28*u**2 + 2. Let t be a(-7). Let g be (t/4)/((-2)/8). What is the tens digit of ((-6)/g)/((-154)/(-38) + -4)?
5
Let h be (1/1)/((-12)/(-36)). Let a(x) = -2*x**2 + 10*x - 8. Let o be a(h). Suppose -o*n - 48 = -5*n. What is the tens digit of n?
4
Let g = -871 + -81. What is the units digit of 17/(g/288)*-42?
6
Suppose -w - 5*l + 1509 = 0, 2591 = 3*w + l - 1880. What is the tens digit of w?
8
Suppose 2*i - g = -2*i + 698, -4*i + 2*g = -696. Suppose -i*a = -182*a + 2464. What is the units digit of a?
2
Suppose 495*r - 26100 = 490*r. What is the hundreds digit of r?
2
Suppose -8 = 10*c - 11*c. What is the hundreds digit of (4410/27)/(c/6 + -1)?
4
Let a be (17/3 - 6)*-237. Suppose -2*r + 345 - a = 0. What is the hundreds digit of r?
1
Let u be ((-3)/((-9)/(-4)))/((-10)/(-105)). Let g be 82/(-7) + (-4)/u*-1. What is the tens digit of (238/(-4) - -1)/(9/g)?
7
What is the units digit of 0 + 3 - (196/(-14) - 11062)?
9
Suppose 28*v - 66*v - 143824 = -657812. What is the ten thousands digit of v?
1
Let m(t) = t**3 - 7*t**2 - 22*t - 30. Let l be m(15). Suppose 82*x - l = 67*x. What is the tens digit of x?
9
Let x be (-2)/(-2) + (11/1 - -1). Let q = 2 + x. What is the tens digit of 80/q*228/16?
7
Let r(i) = i**3 + 19*i**2 - 87*i - 5. Let j be r(4). Let u(w) = 7*w - 15. Let k(s) = 21*s - 46. Let m(c) = 3*k(c) - 8*u(c). What is the tens digit of m(j)?
8
Let f(z) = z**3 + 3*z**2 - 4*z - 124. What is the ten thousands digit of f(25)?
1
Suppose -2*w - 2*w = -72. Let t be (-3)/(w/(-4))*9. Suppose -t*c = -8*c + 88. What is the tens digit of c?
4
Let w = -1518 - -740. Let u = 1200 + w. What is the tens digit of u?
2
Let o be ((-24)/14 - -2) + (-9055)/(-35). Let i = 40 + o. What is the tens digit of i?
9
Let g = 59 + -56. Suppose d = -g*h - 13, -d - 2*h - 8 = -0*d. Suppose z + 0*p + 2*p = 51, 5*z - 243 = d*p. What is the tens digit of z?
4
Let y(h) = -15*h + 99. Let g(i) = -i**2 - 5*i + 4. Let o be g(-8). What is the units digit of y(o)?
9
Let l be (-15 - (-15 - 2)) + (-1 - -3314). Suppose -4*u + 2*j + 4418 = 0, -3*u + 0*u + j = -l. What is the hundreds digit of u?
1
Let b(d) = 2*d**3 - 27*d**2 - 20*d - 13. Let p be b(18). Suppose -p = 2*k - 3365. What is the tens digit of k?
1
Suppose 33*q = 155615 - 27839. Suppose 32*j = 11552 - q. What is the tens digit of j?
4
Suppose 0 = -0*v + 4*v. Suppose -14 = -3*n - 4*p, -2*p = -v + 2. Suppose -3*s - 5 = -0*f + f, 0 = -3*s - n. What is the units digit of f?
1
Suppose 5*b + 22597 = 4*s, 0 = -6*s + 8*s - 5*b - 11301. What is the thousands digit of s?
5
Suppose 37*y - 34254 = 34*y - 3*i, -y = -3*i - 11422. What is the hundreds digit of y?
4
Let d(j) = 2*j**3 - 9*j**2 + j - 6. Let w be d(3). Let y = w - -37. Let x = y + 110. What is the tens digit of x?
1
Let x(v) = 3*v - 10. Let n be x(5). Let t be (n - -178) + (-2 - 2). Let h = t + -85. What is the units digit of h?
4
Let v(f) = 309*f - 23. What is the thousands digit of v(33)?
0
Let s = 10940 + -9203. What is the tens digit of s?
3
Let y(z) = -181*z - 112. Let i(a) = 178*a + 112. Let n(x) = -4*i(x) - 3*y(x). What is the units digit of n(-8)?
0
Let g(f) = -f**2 - 133*f - 392. What is the thousands digit of g(-72)?
4
Suppose 0 = -4*t + 16805 + 5427. Suppose 15*c - 37 = t. What is the units digit of c?
3
Suppose 4*x = 2*d - 1788, 3*d = -0*x - 5*x - 2257. Let z = x - -820. What is the units digit of z?
1
Suppose -4*k + k = -3546. Suppose -2*d + k = -3*a + 8*a, d = 3*a + 580. What is the tens digit of d/8 - (-4)/(-16)?
7
Let b(s) = s**3 + 2*s**2 + 716 + 928 + 0*s**2 + s - s**2. Let y be b(0). Suppose 7*g - 19*g + y = 0. What is the tens digit of g?
3
Suppose 6645 = 34*l - 6309. What is the hundreds digit of l?
3
Suppose 3*k - 40941 = -y, -2*k + 27280 = -2*y - 2*y. Suppose k + 2286 = 28*w. What is the tens digit of w?
6
Let o be (15/10*(-356)/(-6))/(-1). Let l = 94 + o. Suppose 555 = 5*d + l*s, 4*d - 3*s = d + 327. What is the tens digit of d?
1
Let t(d) = 7*d**2 - 2*d**2 - 18*d + 2*d**2 + d**3 - 6. Let s be t(-9). Let r(v) = -7*v - 15. What is the units digit of r(s)?
7
Suppose 161227 = 856*m - 845*m. What is the units digit of m?
7
Let x(w) = -w**2 + 18 - 22*w + 0*w**2 + w. Let d = -265 - -250. What is the tens digit of x(d)?
0
Let a(t) = 6*t**2 + 2*t - 7. Let u be a(-3). Suppose d = -r + u, 3*r - 5*r = -4*d + 188. Let i = d + -34. What is the tens digit of i?
1
Let u be 5*((-40)/25)/(-2). Suppose 0 = 4*w + 5*a - 2592, -2*a - 230 + 2822 = u*w. What is the hundreds digit of w?
6
Let s be ((-30)/(-35))/((-15)/(-35)). Suppose 5*b - 1776 = -s*p, -5*p + 3*p - 3*b + 1784 = 0. What is the tens digit of p?
9
Suppose 100*r = 16*r + 404960 + 526264. What is the units digit of r?
6
Suppose -2*i - 7397 = -2*t + 5499, 0 = 2*i + 6. What is the tens digit of t?
4
Let k be 2*-94*(-4 - -2). Let d be (-18)/30 - 3/(-5). Suppose -o - 7*o + k = d. What is the units digit of o?
7
Suppose 17*j - 37945 = 35359. What is the thousands digit of j?
4
Let b(v) be the third derivative of 17*v**5/60 + 11*v**4/24 - v**3 + 6*v**2. What is the hundreds digit of b(3)?
1
Suppose 5*w - 8*q + 25 = -5*q, 2*w + 2*q = 6. What is the units digit of (-522)/(-232)*-1*8/w?
9
Let j be 1*8 - 0*3/9. Suppose 5*x + j = 4*